What is -2 + 6 + (5 - 8) - (4 - -6)?
-9
(1 - -1) + -8 - (128 - 130)
-4
-75 - -82 - (0 - 3)
10
-25 + 16 - (9 + -6)
-12
What is the value of (-3 + 7 - 6) + (-63 - -79)?
14
11 - 3 - (-27 + 35)
0
What is -14 + -10 + 30 + (1 - 7 - 2)?
-2
What is the value of (45 - (-6 + 25)) + -18 - -30?
38
Evaluate 8 + -12 + 2 + 7.
5
Calculate 17 + (34 + -25 - (0 + 15)).
11
What is 0 + -4 + 0 + -2 + 10 - -2?
6
What is the value of (1 - (-2 + -1)) + (-9 - (-54 + 40))?
9
(-4 - -12 - 6) + (-7 - 3)
-8
What is 1 + 1 + (-16 - ((-13 - 15) + 2))?
12
What is -42 - -27 - -15 - (-13 + 3)?
10
12 + 1 + (-5 - (-7 + (1 - -1)))
13
What is the value of -13 + 41 + (-18 - -6)?
16
What is (-4 + 16 - 2) + -5?
5
What is 11 - ((-5 + -2 - -5) + 12)?
1
Calculate -7 + 5 + (3 - 8) + -1.
-8
What is 7 + -10 + -3 + (-3 + 0 - 5)?
-14
What is the value of (-1 - 38 - -26) + 2?
-11
Calculate 14 + 14 + -25 + -2 + -3 + 0.
-2
22 - (32 - 34 - (8 - 14))
18
What is (5 - (-4 + 1 + 3)) + 6?
11
-24 - (8 + -5 + 1 - 2)
-26
Evaluate -1 + 6 + -10 - (-17 - 5) - 2.
15
What is the value of (21 - 38) + 17 + (0 - -2 - -2)?
4
(3 - -16) + -2 + 11 + (-23 - -8)
13
Evaluate (1 - 5) + 4 + -13.
-13
Evaluate -12 + (-3 + 11 - 21) + 48.
23
Calculate 1 + -2 + (14 - (29 + -18)).
2
What is the value of 0 + (-2 + 0 - -2) + 65 + -59?
6
Evaluate 9 + 6 + (2 - 23) + (21 - 12).
3
What is 21 + -25 + 20 + -28?
-12
(4 - 0) + 82 + -87
-1
What is -3 - (-2 + -5) - (-9 + 9)?
4
Calculate (0 - 6) + (8 - 1 - (37 - 29)).
-7
What is (4 + -2 - (83 - 59)) + -3 + -3?
-28
(-6 - -2) + (-6 - (-2 - 23))
15
1 - (26 + -15) - (0 - -6)
-16
(473 - 467) + (-11 - (1 - 2))
-4
Evaluate (1 + 2 - (-9 - -3)) + (-1188 - -1158).
-21
What is the value of (14 - -7) + -38 + -5?
-22
What is the value of 5 + 0 - (-4 + -24 + 38)?
-5
What is the value of 7 + 13 + -4 - (1 + -6)?
21
What is 8 + 0 - (1 + 3 + -3 + -3)?
10
What is 11 + -3 + -6 + 0?
2
What is -16 + (-16 - -24) - (1 - 35)?
26
Evaluate 25 + (-11 - (6 - 3)).
11
(6 - 28 - -38) + 7
23
What is the value of (21 - 4) + 23 - 21?
19
Evaluate -5 - (2 + -1 + -3) - (-4 + 0).
1
Evaluate 8 - (1 + -2) - (33 + 26 + -66).
16
What is the value of 2 + 1 - (-75 - -86) - -17?
9
-12 + (9 - 22) + 31
6
Calculate (23 - 10 - (-2 - -47)) + -1 + 9.
-24
What is the value of (-20 + 14 - -18) + -9?
3
What is the value of -5 + -4 + (11 - 18 - (2 + -3))?
-15
2 - (-4 + (-8 - 5) + -3 - -7)
15
What is (1 - -7 - -4) + -3 - 6?
3
What is the value of 11 + 4 - (26 - 29)?
18
What is the value of (17 - 2) + (104 - 122)?
-3
Calculate 7 + (5 - 6) + -6.
0
What is -17 + (5 - -14) + 21?
23
What is (-1 - -4) + (-9 - 1) + -7 + 7?
-7
What is the value of 2 - 5 - (6 - 4) - (-13 + 2)?
6
Calculate (13 - (7 + 5)) + 8.
9
Evaluate -47 + 23 - (-3 + -8).
-13
What is (-2 - (-1 + -7)) + -174 + 187?
19
-2 + -6 + -2 - (-20 - -23 - 9)
-4
-5 + 1 + -695 + 671
-28
What is the value of 247 + -232 - (5 + 10)?
0
Calculate 5 + (15 + -4 - (-20 - 0)).
36
What is the value of 21 + -16 + (-1 - 11) - 4?
-11
(-15 - 0) + -2 - (282 - 295)
-4
Calculate -37 + 28 + 2 + -6 + 4.
-9
Calculate (0 + -2 - -3) + -25 + (-22 - -24).
-22
What is (-20 + 28 + -6 - -23) + -16?
9
-220 + 216 - (1 - 20)
15
What is the value of -10 - 1 - (-609 + 609)?
-11
Calculate 6 + 20 + -25 + 10 + 1.
12
What is the value of 3 + (-10 - 10) + 18?
1
What is (3 - -2) + (-15 - (19 - 18))?
-11
Calculate (-20 - (33 - 30)) + (1 - -11).
-11
Calculate -2 + -5 + 9 + -5 + (-201 - -242).
38
3 + 11 + -13 + -24 - (-2 - 1)
-20
What is (-2 - -6) + (6 - -1) + -19 + 15?
7
What is (-3 - (-3 + 5)) + 6 + 15 + -3?
13
What is (10 + -20 - -6) + -13?
-17
What is the value of 1 + (-10 - 4) + 8 + -5?
-10
What is the value of (-4 + 3 - (-2 + (-3 - -3))) + -3?
-2
Evaluate -25 - (-25 + (-12 - -36)).
-24
4 + (-12 - -9 - (-4 + 7 + -4))
2
Evaluate 4 - 8 - (-33 + 25 + -22).
26
What is 5 - (1 - -2 - (-6 + 1)) - 17?
-20
What is 21 + -7 + 17 + -40?
-9
(-24 - (-1 + -9 + 9)) + 12
-11
What is 3 + (5 - 0 - (13 + 1))?
-6
What is -2 + -2 - (-70 - -65)?
1
Calculate -21 + (-2 - (2 - 6 - 2)) + 3.
-14
What is the value of -22 + (-1 - -6) + 16?
-1
What is the value of -1 - (-15 + 9) - 7?
-2
Evaluate (2 - (-2 + -2) - 16 - -13) + 4.
7
65 + -62 + (2 + -2 - -3)
6
Calculate -25 + 35 + -46 - -22.
-14
(18 - 4) + -9 - (-1 + 6) - -30
30
Calculate 1 + -1 - (-5 - (2 - 1)).
6
What is 0 - (3 + 0 - (-10 + 28 + -3))?
12
Calculate -5 + 18 + -27 - (-3 + -8).
-3
What is the value of 2 + (32 - 1) + (-2 - -49 - 52)?
28
Calculate 5 - (-18 + -11 + -8 + 24).
18
Evaluate (-7 + 5 - 6 - 2) + -9 + 6.
-13
What is the value of -9 + 3 - -3 - 2 - (120 - 122)?
-3
What is 28 - (40 + (-17 - 4))?
9
Calculate -22 + 12 - -17 - (2 - 1).
6
What is 42 + (-51 + 38 - 24)?
5
What is (4 - (-1 - 1)) + (-29 + 32 - -3)?
12
Evaluate (14 - (25 - 15)) + (-9 - (-5 + 2)).
-2
Calculate 5 - (-24 + 8 + 29).
-8
0 - (-9 + 2) - 7 - -6
6
Calculate -14 + 8 + 38 - 13.
19
4 + (2 - 2) - 1 - (1 - -3)
-1
What is the value of 0 + 3 + (-25 - (-2 - 4)) + -6?
-22
-6 + (-7 - (-15 - 15))
17
Calculate -5 + 3 + (-4 - -1) - -12.
7
-12 - (4 - 4 - (27 + -25))
-10
What is -6 - -1 - (-2 + -1 - (-16 + 6))?
-12
What is the value of -1 - 13 - (-11 - 1) - (-15 - 1)?
14
What is the value of 15 + -34 + (-16 - -29)?
-6
Evaluate -10 + (-15 - (-23 - 1)).
-1
What is the value of (-156 - -170) + -1 + -1 + 13?
25
-156 - -156 - (-8 + -2 + 2)
8
-457 + 450 + (26 - 3)
16
Evaluate 15 - (1 + -8 + 14).
8
Calculate -8 + ((-5 - -4) + 15 - 5) - -3.
4
What is (-43 - -55) + -16 + (5 - 0)?
1
What is the value of -10 + (3 - 8 - -8) + 6?
-1
16 - (3 + -10 - -18)
5
Calculate -4 + (1 - (12 + -5) - -28) + 11.
29
-10 + 10 + 9 - (5 - -10)
-6
Evaluate -5 - -3 - (29 - 33).
2
What is 15 + -7 + (10 - 5) + 8 + -10?
11
What is -8 + (2 - 1 - (17 - (-16 + 30)))?
-10
Evaluate 15 - (1 + (-3 - 2) + 4 + 6).
9
Calculate -12 + 10 - (3 - 3) - -4 - 3.
-1
Calculate -4 + 1 + -1 + -13 - (-195 - -185).
-7
13 - ((4 - (-8 - -5)) + -5)
11
What is the value of (-5 - (-20 - -9)) + -3 + 8?
11
Calculate 71 - 80 - (-12 + (0 - -3)).
0
What is the value of -9 + 23 + (-16 - -15 - 6)?
7
What is (74 - 76) + (-7 - 14)?
-23
Evaluate 8 - (-6 - -7 - 5) - 4.
8
Calculate 2 - ((25 - 8) + -11 - 6).
2
Calculate -76 + 83 - (-4 + 4) - (-1 + -6).
14
What is (1 + 6 - 11) + -19 - -8?
-15
What is the value of 71 - (23 - -8) - 15?
25
Evaluate 3 + -2 + (144 - 136 - (-8 - 1)).
18
Calculate -3 + 9 + -6 + (-10 - 5).
-15
Evaluate 8 + -7 + -2 - -14.
13
What is the value of (-1 - -5) + (6 - (7 - -7) - -12)?
8
What is the value of 0 + -5 + -43 + 67?
19
Evaluate (-1 - 7) + -442 + 424.
-26
3 - (4 - -7) - -9
1
43 - (27 + 26) - (1 - (7 + 0))
-4
6 + 5 + 0 + -10
1
-10 + 21 + (-8 - (3 - 12)) - 11
1
What is -2 - (-1 + (5 - ((-5 - 0) + 7)))?
-4
What is the value of (-11 - -5) + 16 + -4 + -2?
4
Calculate 36 + (17 + -42 - -2).
13
-129 + 102 + (5 - 1)
-23
What is the value of -7 + -7 + 12 + 4 + -6 + -1?
-5
Calculate 5 + (4 - 20) + 9 - 11.
-13
Evaluate -24 + -17 + -2 + -4 + 19.
-28
What is the value of (-1 + -2 - (10 + -12)) + 41 + -28?
12
What is the value of 8 + (-21 - -6) - -18 - 8?
3
Calculate 1 + 5 + -3 + (6 - 10) + 6.
5
Evaluate -14 + 21 - 12 - -6.
1
What is -19 + 10 + (-3 - (-30 + 15))?
3
Calculate -6 + -2 - (-1 + 11 + (254 - 260)).
-12
-9 + -8 + 8 - -18
9
Evaluate 36 + 39 + -154 + 45.
-34
What is the value of (3 - 0) + (-10 - (-20 - -8)) + -4?
1
Calculate 2 - (16 + 4) - (-12 + 14).
-20
Evaluate -32 + ((17 - 8) + -19 - (-14 - -4)).
-32
What is (12 + (0 - 9) - (9 - 2)) + 5?
1
Calculate 24 + 12 + -18 + -22.
-4
Calculate 1 + -1 + (-11 - -14).
3
(0 - -1) + (0 - -1) + (3735 - 3747)
-10
What is the value of 12 - ((-11 - 4) + -7 + 20)?
14
What is -1 + (37 - -5 - 15) + 1?
27
What is -211 + 210 - (15 + 2)?
-18
What is (5 + -20 - -6) + 7?
-2
What is the value of (-14 - (-8 + 7)) + -12 + 20?
-5
Evaluate 11 - 5 - (17 - 11).
0
Evaluate -44 + 29 - (6 + -22 - -7).
-6
-3 + 6 - (3 + 0) - 10
-10
Evaluate 21 + 9 - 13 - (3 - 1).
15
Evaluate -19 + (0 - -10 - (24 + -26 - -4)).
-11
Calculate (0 - -25) + -15 + 3 + 1.
14
Calculate (6 - 14) + -1 + 6 - (2 + -12).
7
What is 4 + -13 + 23 - 8?
6
What is the value of (-1 + 5 - 7 - -25 - 5) + 0?
17
Evaluate -1 + -1 - (37 + (39 - 64)).
-14
What is -21 - (4 - 8) - (-74 - -69)?
-12
What is the value of -6 - 1 - ((-22 - -19) + -2)?
-2
What is 14 + 2 - (-17 + 23)?
10
Evaluate 6 - (-3 - 12 - -18).
3
What is -4 + (-7 - -6) 